Suppose 19*m = 3*m + 80. Suppose 0 = t - c - 3, m + 4 = t + 2*c. Suppose p - 5*k = -3*p + 423, -t*p + 516 = -2*k. What is the hundreds digit of p?
1
Suppose -7*n + 54 = -30. What is the units digit of (n/(-16) - -1)/(5/140)?
7
Let f(g) = 11167*g + 296. What is the ten thousands digit of f(2)?
2
Let q(p) = -p**3 - 13*p**2 + 257*p + 24. What is the tens digit of q(-27)?
9
Let z(m) = 165*m**2 + 192*m + 2510. What is the tens digit of z(-13)?
9
Let q(y) = 21*y**2 + 5*y - 72. Let z be (-5)/(-10) + (-135)/(-18). What is the hundreds digit of q(z)?
3
Let l = 5567 + 3776. What is the units digit of l?
3
Let d = 49051 - 25596. What is the thousands digit of d?
3
Let p = 14004 - 8697. What is the tens digit of p?
0
Suppose -g + 3 - 6 = 5*m, 0 = -5*g + 5*m - 15. Let z be g/(-18) + (2 - (-37)/(-6)). What is the tens digit of 3 + 1/(1236/308 + z)?
8
Suppose 4*k - 14 = -22. Let p be k*(-3)/(-12) + (-6)/12. What is the units digit of 2 + 83 + (p - 5)/2?
2
Suppose 5*h - 480 = 2*h. Suppose 3*c - 246 = -b - 2*b, 4*c - h = -2*b. What is the tens digit of b?
8
Let w(s) = -s**2 + 25*s. Let t be w(25). Suppose -9*d + 3665 + 3193 = t. What is the tens digit of d?
6
Suppose 367 = -10*u + 377. What is the units digit of (-1 + u - 5) + 23 + 516?
4
Suppose -3*q - 2*m = -0*m - 3*m - 23877, 0 = -4*m. What is the units digit of q?
9
Let x = 792 - 804. What is the hundreds digit of x/96 + 97727/56?
7
Let a(w) = w**3 - 45*w - 13. Let n(j) = -2*j**3 + 89*j + 27. Let v(x) = 5*a(x) + 2*n(x). What is the tens digit of v(-6)?
5
Let u = 8242 + -1394. What is the tens digit of u?
4
Let k(r) = r**2 - 16*r - 43. Let u = -204 + 233. What is the tens digit of k(u)?
3
Suppose 7*y - 85 = 2*y. Suppose 0 = y*q - 16*q + 3. What is the units digit of (-3*2/q)/((-1)/(-4))?
8
What is the units digit of (442/91)/17 + (-4401)/(-7)?
9
Suppose -4*i = 12, -2*c - 3*c + 432 = -4*i. Let a be (-112)/(-14) + (-16)/4. Suppose -w + 35 = 2*h - c, -h = -a*w - 64. What is the tens digit of h?
6
Let t = 26620 + -19365. What is the tens digit of t?
5
What is the hundreds digit of (-6)/4*732/(-14)*(-381598)/(-873)?
2
Let c(r) = -r**2 + 19*r + 30. Let k(u) = 9*u + 141. Let n be k(-14). What is the tens digit of c(n)?
9
Let q = 59339 - 29552. What is the units digit of q?
7
Suppose 2*p + 5 - 41 = 0. Let y(q) = -q**3 + 20*q**2 + 9*q - 5. What is the tens digit of y(p)?
0
Let p = 3 - 4. Let k be 16/(-6) + (16/(-3))/(-8). What is the units digit of p - (-164)/10 - k/(-5)?
5
Suppose -287*l + 4648896 + 748713 = 0. What is the tens digit of l?
0
Suppose -16*a = -22*a + 36. Let i = 10 - a. Suppose -2*c + 3*w = -231, -5*w + 441 = i*c - 54. What is the units digit of c?
0
Let m(j) = 75*j**3 - 4*j**2 - 58*j + 193. What is the ten thousands digit of m(6)?
1
Let f be -9 + 31 + -6 - 0/2. Suppose -8*h - f = -9*h. What is the units digit of h?
6
Let q(a) = 7*a + 25. Let g be q(14). Let h = g - 69. Suppose 2*c + 54 = r, -r - 2*c + h = 2*c. What is the tens digit of r?
5
Suppose 0 = -237*g + 199*g + 66538. What is the hundreds digit of g?
7
Suppose 2 = -w + 3*v, -6*w + 8 = 2*v - 0. What is the hundreds digit of (-21758)/(-44)*(3 + w)?
9
Suppose 35*b = 30*b - 2*t + 20585, -4*b + 3*t + 16491 = 0. What is the units digit of b?
9
Let t be ((-35)/70)/(2/12) - 1111. Let r = -158 - t. What is the hundreds digit of r?
9
Suppose -89345 - 439279 = -16*x. What is the hundreds digit of x?
0
Suppose -382 - 136 = -7*x. Suppose x - 38 = 2*k. Suppose 3*l - 39 = k. What is the units digit of l?
9
What is the thousands digit of (-14 - 199773/(-18))/((-2)/(-4))?
2
Suppose 0 = 2*y - 7*j + 3*j - 60, -2*j = -4*y + 96. Suppose -287*v + 277*v + 540 = 0. Let h = v - y. What is the units digit of h?
2
Suppose u - 1 = 0, -38*g + 40*g + 5*u = -147. Suppose -156 - 65 = s. Let f = g - s. What is the tens digit of f?
4
Let t = 57 - 51. Suppose t*l = -1391 - 241. Let v = -140 - l. What is the units digit of v?
2
Suppose o + 5 = 5*x, 0*o - 2*o = -3*x + 3. Suppose o = 11*b - 8*b - 9. Suppose -3*n + 3*h = -216, -b*n - 5*h + 246 = -2*h. What is the units digit of n?
7
Let b(j) = j**2 + 8*j. Let n be b(-8). Suppose n = -6*z + 12. What is the tens digit of (5/(-1) + 123)/z?
5
Let i = 113799 - 59344. What is the thousands digit of i?
4
Let t be 151*(16/(-8) + 3). Suppose -t = -2*j + 1257. What is the units digit of j?
4
Suppose -7*z + 13860 = 13*z. What is the tens digit of (-495)/z - (-21444)/14?
3
Suppose 13*a - 699235 - 428720 = -74*a. What is the hundreds digit of a?
9
Let y(r) = 64*r - 91. Let u be y(-8). What is the hundreds digit of u/(-3) - 3/1?
1
Let c be (1/(-1))/(-13 - 601428/(-46264)). Suppose 8844 = 26*y - c. What is the units digit of y?
5
Let d = -22764 - -34772. What is the hundreds digit of d?
0
What is the hundreds digit of 100816/13 + (-101)/1313?
7
Let j(g) = -15*g**3 + 17*g**2 - 36*g - 245. What is the units digit of j(-9)?
1
Suppose 2*n + 5*w = 221, 8*w - 3*w + 148 = n. What is the tens digit of n/(-205) - 133/(-5)?
2
Suppose 95134 = 5*r - 43686. What is the thousands digit of r?
7
Suppose p + 3*r + 69 = -5, 0 = 5*r + 20. Let t = 659 + p. What is the units digit of t?
7
Suppose 2*h - 2*i = 46492, -i = 3335*h - 3339*h + 92993. What is the tens digit of h?
4
Let g be (3/(-6))/(2/(-248)). Let y = -47 + g. What is the units digit of (y/6 + -1 + -2)*-6?
3
Suppose 3*h = -5*q - 854, -4*h - 556 = 2*q + 564. Let g = -61 - h. What is the hundreds digit of g?
2
Let a = 18 + -16. Suppose -7*m + 4*b + 2628 = -3*m, 2*b - 1310 = -a*m. What is the hundreds digit of m?
6
Let z(s) = -s**3 - 8*s**2 - 6*s + 5. Let c be z(-6). Let g(i) = -37*i - 152. What is the hundreds digit of g(c)?
9
Suppose -5*n + 2 = -3, n = 4*j + 89. Let b be 34/8 + (j/(-8) - 2). Suppose 5*m - 4*m - 135 = b*w, 115 = m - w. What is the units digit of m?
0
Suppose -33*o - 33160 = -4*m - 29*o, 0 = m + 4*o - 8275. What is the tens digit of m?
8
Suppose 0 = 4*w - 6*z + 2*z - 128, 2*z = 3*w - 93. Let d = -29 + w. Suppose -469 = -5*t - 4*n + n, t + n - 95 = d. What is the tens digit of t?
9
Suppose -2*i - 20 = 2*u, 4*u - 5*i - 17 = -21. Let t(r) = 4*r**2 + r - 10. What is the tens digit of t(u)?
2
Let z(l) = -l**3 - 62*l**2 - 63*l - 780. What is the units digit of z(-64)?
4
What is the units digit of (-1)/2 + (4/6)/(40/266790)?
6
Suppose -39*c - 189 = -48*c. Let v(m) = 38*m + 13. Let t(y) = 13*y + 4. Let j(s) = -11*t(s) + 4*v(s). What is the tens digit of j(c)?
9
Suppose -5*t = -2*z - 518, 3*z - 4*t + 3*t + 790 = 0. Let g = 317 + z. What is the units digit of g?
3
Suppose 2*p = -4*y - 0*y + 48, 3*p - 42 = 4*y. Suppose -9*i - p*i + 26379 = 0. What is the tens digit of i?
7
Let c(k) be the first derivative of k**4/4 + 11*k**3/3 - 19*k**2/2 - 17*k - 1. Let p be c(-11). Let t = p + -144. What is the tens digit of t?
4
Let x(o) = -o**2 - 9*o + 13. Let i(q) = 10*q. Let w be i(-1). Let f be x(w). What is the units digit of ((-2)/4)/(f/(-66))?
1
Suppose s = -4*d + 209 + 774, -4*s = d - 257. Suppose 7*m - 868 = d. Suppose -6*y + m = 45. What is the units digit of y?
9
Suppose -190*b + 188*b - 3*l + 90143 = 0, -45054 = -b - 5*l. What is the tens digit of b?
7
Let c(f) = f**2 + 13. Let x(u) = -5*u**2 + u - 64. Let n(v) = 11*c(v) + 2*x(v). What is the hundreds digit of n(-17)?
2
Suppose -2*l + 5728 = -2*v, -4*v - 2324 - 552 = -l. Suppose -l = -12*f + 2204. What is the hundreds digit of f?
4
Suppose p + 13 = s, 5*p - 139*s + 138*s = -49. Let y be -1 + (-1 - (-97)/(-1)). Let x = p - y. What is the tens digit of x?
9
Let l be 2*-1*(3 - 7/14). Let i(w) = -w - 3. Let o be i(l). Suppose o*v - 3*z - 22 = -2, -3*v + 4*z = -29. What is the units digit of v?
7
Let v be (-1)/(((-2)/6)/((-7702)/(-6))). Suppose -14*b = -v - 2043. What is the hundreds digit of b?
4
Let y(s) = s**3 - 13*s**2 - 9*s - 16. Let j be y(11). Let w = 633 + j. Suppose 4*f + 0*f = w. What is the units digit of f?
9
Suppose -47*l + 810180 = 23*l - 0*l. What is the units digit of l?
4
Suppose 5678 - 1648 = 5*h. Let f = h + -495. What is the tens digit of f?
1
Suppose 4*g - q - 491 = 0, -3*q + 116 = g - q. Suppose -2*t - x = -g, 5*x = x. What is the units digit of t?
1
Let a = 1283 - -484. What is the hundreds digit of a?
7
Suppose -5*g + 44 = 5*z - 1, 4*z - 16 = 0. Let v = 671 - 671. Suppose v = -3*p + 8*p + 15, -g*p = -3*y + 69. What is the units d